.
286
Calculate the highest common divisor of 2905 and 114310.
35
What is the greatest common divisor of 394210 and 12245?
395
Calculate the highest common factor of 959875 and 339500.
875
What is the greatest common divisor of 33808 and 126992?
16
Calculate the highest common factor of 17114347 and 4291.
613
Calculate the greatest common factor of 27745788 and 137.
137
Calculate the highest common factor of 15 and 8888505.
15
What is the greatest common divisor of 152980880 and 390?
130
Calculate the greatest common factor of 12184983 and 9.
9
Calculate the greatest common divisor of 72105879 and 48974.
521
What is the greatest common divisor of 47846 and 440954?
94
Calculate the highest common divisor of 182920 and 53720.
680
What is the highest common divisor of 95 and 7613737?
19
Calculate the highest common divisor of 1848 and 51711744.
168
What is the highest common factor of 50791161 and 141?
141
What is the highest common factor of 9114 and 319921?
49
What is the highest common divisor of 92 and 3207511?
23
What is the greatest common divisor of 166027 and 114?
1
Calculate the highest common factor of 12412 and 352137.
107
What is the greatest common divisor of 9916 and 167018?
74
Calculate the highest common divisor of 68640 and 693550.
1430
What is the greatest common factor of 3686014 and 148?
74
Calculate the greatest common divisor of 630 and 36674757.
63
Calculate the highest common divisor of 44 and 122030711.
11
Calculate the greatest common factor of 3890634 and 9438.
726
Calculate the highest common factor of 2379 and 87012718.
793
Calculate the greatest common factor of 793 and 594256.
13
Calculate the greatest common divisor of 3598 and 13917008.
14
What is the highest common factor of 9331 and 164237339?
301
Calculate the highest common divisor of 148 and 18521460.
148
Calculate the highest common divisor of 252 and 2581128.
36
What is the greatest common factor of 5374 and 102114061?
2687
What is the greatest common divisor of 10756245 and 6260?
1565
What is the highest common factor of 4532 and 757462?
206
Calculate the highest common factor of 2945176 and 4888.
104
What is the highest common divisor of 3670272 and 23364?
2124
What is the highest common divisor of 48 and 13864188?
12
Calculate the greatest common divisor of 8448695 and 65.
5
Calculate the greatest common divisor of 1735 and 4978409.
347
Calculate the highest common divisor of 49266 and 2149854.
714
What is the highest common divisor of 1238803 and 736?
23
What is the greatest common divisor of 12348 and 93312?
36
Calculate the highest common divisor of 1386693 and 1909.
23
Calculate the highest common divisor of 8474 and 149834.
38
Calculate the highest common divisor of 122 and 14531542.
122
What is the greatest common factor of 75465 and 146715570?
5805
What is the highest common factor of 16233 and 133539?
21
What is the greatest common factor of 1496 and 2700314?
34
What is the highest common divisor of 101064 and 3442?
2
What is the highest common factor of 106445 and 27571?
349
What is the highest common divisor of 7152 and 109248?
48
What is the greatest common factor of 5152 and 136891584?
736
What is the highest common factor of 20315 and 52105?
85
Calculate the highest common divisor of 759 and 2313894.
33
Calculate the highest common divisor of 78819 and 678821.
611
Calculate the highest common divisor of 3977451 and 17712.
1107
Calculate the highest common divisor of 39883035 and 69.
69
Calculate the greatest common divisor of 1005395 and 259795.
1165
Calculate the greatest common factor of 74173175 and 50.
25
What is the greatest common divisor of 8008 and 9445?
1
Calculate the greatest common factor of 676995 and 1452.
363
What is the highest common factor of 12712 and 6967084?
908
Calculate the highest common divisor of 195101 and 14282.
37
Calculate the highest common divisor of 8758888 and 21172.
316
Calculate the highest common factor of 2091747 and 7.
7
Calculate the highest common factor of 6 and 486946.
2
What is the highest common divisor of 11660 and 2642420?
220
Calculate the highest common divisor of 375 and 16875250.
125
What is the greatest common factor of 1074 and 4506862?
358
What is the highest common factor of 221187 and 1207?
17
What is the greatest common factor of 3616318 and 326?
326
What is the highest common divisor of 1120435 and 673585?
1655
What is the greatest common divisor of 12526 and 472?
2
What is the greatest common divisor of 624 and 634413?
39
Calculate the highest common divisor of 36593340 and 120.
60
Calculate the greatest common factor of 375 and 15605875.
125
What is the greatest common factor of 470 and 158970?
10
What is the highest common factor of 27280 and 221531332?
1364
Calculate the highest common divisor of 30 and 2204445.
15
What is the highest common factor of 35026111 and 151?
151
Calculate the highest common factor of 1890855 and 585.
45
Calculate the highest common divisor of 49439390 and 325.
65
What is the highest common divisor of 1418118 and 192036?
78
Calculate the greatest common factor of 2140420 and 1060.
20
What is the highest common divisor of 1481841410 and 140?
70
Calculate the greatest common divisor of 6976 and 64623920.
1744
Calculate the greatest common divisor of 4160 and 5113160.
520
Calculate the greatest common factor of 2345 and 1454711370.
2345
Calculate the greatest common factor of 21 and 165234202.
7
What is the greatest common divisor of 3 and 409993?
1
What is the greatest common divisor of 229786785 and 45?
45
What is the highest common divisor of 117384 and 192?
24
Calculate the greatest common factor of 6384 and 63326544.
912
What is the greatest common factor of 305959 and 146770?
1129
Calculate the highest common divisor of 121867050 and 9690.
510
Calculate the greatest common factor of 57624 and 23709.
21
Calculate the highest common divisor of 20425454 and 14.
14
Calculate the highest common factor of 34 and 12063322.
2
What is the highest common divisor of 645 and 76626?
129
Calculate the highest common factor of 715 and 47394633.
143
Calculate the highest common divisor of 2034170 and 160.
10
Calculate the highest common divisor of 43585 and 19205.
115
Calculate the highest common divisor of 23 and 299223468.
23
What is the highest common divisor of 9104 and 1549564528?
9104
What is the highest common divisor of 50973645 and 447?
447
Calculate the greatest common divisor of 83032446 and 126.
42
What is the greatest common divisor of 2399415 and 27835?
95
Calculate the highest common divisor of 246 and 138354.
6
What is the highest common divisor of 215526 and 12546?
102
What is the greatest common divisor of 50959 and 2432028?
389
Calculate the greatest common factor of 280470951 and 108.
27
Calculate the greatest common factor of 22509 and 87840.
549
Calculate the highest common divisor of 14623096 and 516.
172
What is the highest common factor of 22 and 31709084?
22
What is the greatest common divisor of 16001985 and 21?
3
What is the highest common factor of 225131304 and 16?
8
Calculate the highest common factor of 49959 and 14742.
819
What is the greatest common divisor of 1016748 and 147132?
2196
What is the highest common factor of 2174211965 and 5435?
5435
Calculate the greatest common factor of 440 and 203040.
40
Calculate the highest common factor of 8204115 and 34.
17
Calculate the highest common divisor of 56 and 18349.
1
Calculate the highest common divisor of 1628082 and 62296.
1198
Calculate the greatest common factor of 2809565 and 6325.
1265
What is the greatest common divisor of 71 and 209246372?
71
Calculate the highest common factor of 11264 and 614515.
11
Calculate the greatest common divisor of 410 and 12861380.
10
Calculate the greatest common factor of 4555773 and 117.
9
What is the highest common divisor of 322095 and 5123?
109
Calculate the highest common divisor of 69660 and 4365.
45
What is the greatest common factor of 13404 and 775284?
12
Calculate the highest common factor of 20259 and 99747.
9
What is the highest common divisor of 723402 and 90?
18
What is the highest common divisor of 30358 and 158?
2
What is the greatest common factor of 14835172 and 66220?
1892
Calculate the highest common factor of 7544684 and 